 -4*w**2 - 1/2*w**3 + 0*w - 1/120*w**6 + 0 + 0*w**4 - 1/20*w**5. Calculate the remainder when u(-4) is divided by 5.
3
Let q be (-4)/7*7/(-2). Suppose -n - 2*k + 3 = -q, 4*n = 3*k + 20. What is the remainder when 9 is divided by n?
4
Calculate the remainder when 2 + (-3 - (1 + -46 + 0)) is divided by 24.
20
Suppose 335 = 5*x + 5. What is the remainder when 260 is divided by x?
62
Suppose 4*c = -0*r - 2*r + 108, 2*r = 3*c - 67. What is the remainder when 172 is divided by c?
22
Calculate the remainder when 174 is divided by 4/(-2) - (-14 - 151).
11
Let f be (-2)/6 - 132/9. Let y be (-48)/(-5)*(-50)/f. What is the remainder when 30 is divided by (6 + 0)*y/24?
6
Suppose -3*s = 3*y + 2*s - 60, 3*s - 60 = -3*y. Suppose -r + 5*w + y = -8, 5*r - 140 = w. What is the remainder when r is divided by 17?
11
Suppose -3*y + 0*y + 12 = 0. Let h be y/(-2) + 0 + 4. Suppose h*p - 58 = -i, 4*p + 30 - 136 = 3*i. Calculate the remainder when p is divided by 15.
13
Suppose -i + 4 - 5 = 0, 90 = 2*s - 2*i. Calculate the remainder when 219 is divided by s.
43
Let j(s) = 3*s**2 + 3*s + 8. Let y be ((-14)/(-4))/(6 + (-280)/48). What is the remainder when j(-6) is divided by y + -1 - (-2 + -3)?
23
Suppose -11 + 817 = 2*s - 4*v, -4*s + 1615 = -5*v. Calculate the remainder when s is divided by 17.
14
Let z be 7 + 3 + -9 + 2. What is the remainder when 33/2 + z/6 is divided by 5?
2
Suppose -t = -5*g - 3*t + 840, 4*g - 669 = -t. Let u(w) = -w**3 - 36*w**2 + 37*w + 13. Calculate the remainder when g is divided by u(-37).
10
Suppose -3*z - 11 = -4*z. Suppose 0 = -z*f + 7*f + 92. Let v(p) = 3*p**3 - p**2 - 2*p + 2. What is the remainder when v(3) is divided by f?
22
Let o(w) = 9*w + 25. Let c be o(-13). Let n = -82 - c. Calculate the remainder when n is divided by 5.
0
Suppose 1528 + 2008 = 17*t. Calculate the remainder when t is divided by 40.
8
Suppose 5*c - 41 = 4*u + 24, -c - 4*u = -37. Calculate the remainder when 95 is divided by c.
10
Let r = -11 - -17. Suppose r = 2*o - 0. Suppose -p + 101 = -5*j, -3*p = -7*p + o*j + 472. Calculate the remainder when p is divided by 31.
28
Suppose 1 + 2 = 3*n, 0 = 4*b + n - 45. Let h = 49 + -47. What is the remainder when -3*(h + 1)/(18/(-40)) is divided by b?
9
Suppose 2*s + 10 = 4*i, 22 = 4*s + 2. Suppose 0 = -i*r - 3*f + 161, 4*r - 5*r + 4*f = -23. Calculate the remainder when r is divided by 12.
7
Let w = -63 + 69. Suppose -8*z = -w*z - 58. Calculate the remainder when z is divided by 8.
5
What is the remainder when 3 + (-356)/(-3) + 4/(-6) is divided by (-4)/6 + (-190)/(-6)?
28
Let x = -46 - -42. Let h(r) = 3*r + 15. What is the remainder when 14 is divided by h(x)?
2
Let g(k) = k**2 - 3*k + 36. Calculate the remainder when g(7) is divided by 17.
13
Suppose 2 = 2*o, -87 = -2*a + o - 6*o. What is the remainder when 245 is divided by a?
40
Suppose -3*w + 5*v + 131 = -217, -3*v = 4*w - 464. Calculate the remainder when w is divided by 39.
38
Suppose 0 = 320*s - 327*s + 28. What is the remainder when 131 is divided by s?
3
Suppose -3*r + 8*r + 34 = m, -2*r - 84 = -2*m. Let f = -21 + m. What is the remainder when f is divided by 1*-6*(4 - 6)?
11
Suppose 227*f - 247*f = -1200. Calculate the remainder when f is divided by 35.
25
Let k = 34 + -20. Suppose 109*s - 3*l + 26 = 113*s, 3*l + 46 = 5*s. Calculate the remainder when k is divided by s.
6
Suppose -17*g = -979 - 143. Calculate the remainder when g is divided by 18.
12
Let h = -912 - -1262. Calculate the remainder when h is divided by 8.
6
Suppose -6*o = -11*o + 20. Suppose h - 100 = -o*h. Calculate the remainder when 39 - (3 + -3 + 1) is divided by h.
18
Let u(h) = 3*h - 1. Let x = -3 + 5. Let o be u(x). Suppose -o*g + 21 = -64. What is the remainder when 67 is divided by g?
16
Suppose 0 = -41*c + 44*c - 57. Calculate the remainder when c is divided by 5.
4
Let y = 27 - 19. Suppose 2*p + 4*x - 4 - 4 = 0, -2*p - 3*x = -y. Suppose -p*d - 51 = -7*d. Calculate the remainder when d is divided by 9.
8
Let q(f) = -5*f - 26. Let d(n) = -1. Let b(p) = -2*d(p) + q(p). Calculate the remainder when 180 is divided by b(-14).
42
Suppose -29*w + 438 - 32 = 0. What is the remainder when 40 is divided by w?
12
Suppose -b = -5*s + 3*s + 33, 39 = 2*s + b. Calculate the remainder when 35 is divided by s.
17
Suppose 0 = 15*m - 56*m + 21197. Calculate the remainder when m is divided by 40.
37
Suppose -4*k + 5*k = 1. Suppose 54 = 68*f - 14. What is the remainder when k is divided by f?
0
Let w = 437 - 125. Suppose -5*f + 218 = -w. Calculate the remainder when f is divided by 12.
10
What is the remainder when 142 is divided by ((-40)/(-8) + 55/(-10))*-76?
28
Suppose -r - 72 = -5*r + h, -r + 39 = 5*h. What is the remainder when 184 is divided by r?
13
Suppose -5*f + 54 = -4*v, -2 - 6 = -2*f + 5*v. Calculate the remainder when (42/70*-2)/(3/(-100)) is divided by f.
12
Let s = 8529 + -8415. Let l = 58 + -29. What is the remainder when s is divided by l?
27
Suppose 0 = -t + 4*t - 9. Suppose t*a = -3*z - 2*z - 343, z = -5. Let b = a + 157. Calculate the remainder when b is divided by 13.
12
Let w(c) = c**2 + c - 4. Suppose 0 = -5*b - 5*q + 15, 2*q = -3*b - 3*q + 3. Let o be w(b). Let i = o - 15. Calculate the remainder when i is divided by 8.
7
Suppose -2 - 4 = -3*k. Suppose 4*c = k*c + 138. Suppose -u + c = -57. Calculate the remainder when u is divided by 32.
30
Let f = 169 + -154. Calculate the remainder when (1/(-2))/(5/(-260)) is divided by f.
11
Suppose 5*z - 2*z = -3*z. Suppose j - 1 = z, -5*a = -a - j - 63. Suppose 6*n = 2*n - 16, -3*q + 109 = -4*n. Calculate the remainder when q is divided by a.
15
Let p(m) = -2*m - 9. Let z be p(-7). Suppose z*l - 50 = -0*l. Let w(b) = -2*b + 32. What is the remainder when l is divided by w(13)?
4
Let t = -407 + 469. What is the remainder when t is divided by 9?
8
Suppose -2*b - 77 - 7 = -x, 0 = -5*x - 4*b + 392. Let m = -28 + x. What is the remainder when m is divided by 14?
10
Let k(m) = -99*m - 49. Calculate the remainder when k(-3) is divided by 85.
78
Suppose 0 = -7*p - 42 + 238. What is the remainder when 54 is divided by p?
26
Let f(r) = 68*r + 285. Let m(h) = 63*h + 1. Calculate the remainder when m(1) is divided by f(-4).
12
Let w = -466 + 1102. Calculate the remainder when w is divided by 91.
90
Let a(c) = c**3 - c**2 - c - 5. Suppose w = 4 - 0. Let x be a(w). Let m = x + -10. What is the remainder when 86 is divided by m?
28
Suppose -67 - 58 = -5*v. What is the remainder when v is divided by 8?
1
Let d(a) = -a - 9. Let i be d(-5). Let t be -3 - i - (-1 + -20). Suppose 37 = 3*o - 5*y - 36, 2*o = -2*y + t. Calculate the remainder when 61 is divided by o.
13
Suppose -2*b - 8 = 4. Let s be b/10 - (-63)/(-45). Let a = s - -31. Calculate the remainder when 55 is divided by a.
26
Let d(j) = -j**3 + 12*j**2 + 15*j - 6. Let b be d(13). What is the remainder when ((-126)/(-15))/(8/b) is divided by 12?
9
Let k = 164 - 139. Calculate the remainder when 138 is divided by k.
13
Let r = 853 - 787. What is the remainder when r is divided by 16?
2
Suppose 0 = -4*d + 312 + 1024. Suppose -d = -9*k - 28. Calculate the remainder when k is divided by 10.
4
Let g = 225 + -200. Calculate the remainder when 49 is divided by g.
24
Suppose -26*p = -35*p + 54. Calculate the remainder when 603 is divided by p.
3
Let h(g) = g**3 + 13*g**2 + 25*g + 14. Let r be h(-11). Let s = 171 + r. What is the remainder when s is divided by 22?
20
Let z(y) = y**3 - 11*y**2 - 9*y - 22. Let c be z(12). What is the remainder when 33 is divided by ((-2)/c + 60/(-168))*-28?
5
Let i(s) = -11*s + 105. What is the remainder when 150 is divided by i(8)?
14
Let z(a) = -6*a - 27. What is the remainder when 201 is divided by z(-13)?
48
Suppose 2*w - w + 455 = 0. Suppose -27 + 2 = -s. Calculate the remainder when s is divided by (4/(-10))/(14/w).
12
Suppose 0 = 2*l - 418 + 46. What is the remainder when l is divided by 42?
18
Let f(x) = 4*x**2 - 3*x + 4. What is the remainder when 180 is divided by f(3)?
25
Suppose -q + 3*r = -91, 0 = 3*q - 19*r + 22*r - 237. What is the remainder when 242 is divided by q?
78
Let m be (12 - 13)/((-1)/150). Suppose 3*h = 6*h - m. Calculate the remainder when h is divided by 14.
8
Suppose -15*j = 581 + 634. Let y = -71 - j. What is the remainder when 27 is divided by y?
7
Let 